- 0*v - 160. Let c = h + 95. Calculate the remainder when c is divided by 6.
2
Calculate the remainder when 97 is divided by -1*2*308/(-56).
9
Let g = 10 - 26. Let n be 8/g + (-77)/(-2). Let k = n - 17. What is the remainder when 39 is divided by k?
18
Suppose -5*n - y = -0*y - 985, -5*n + y = -975. What is the remainder when n is divided by 11?
9
Let o(c) = -c - 6 - 3*c - c + 4*c. Let f be o(-6). Suppose 0 = -f*i + 6*i - 168. Calculate the remainder when 109 is divided by i.
25
Let s be 0 + 2 + 0*1/4. What is the remainder when (8 + 1)/((s + -3)/(-1)) is divided by 3?
0
Let n(k) = -k**3 + 5*k**2 - 4*k + 5. Let s be n(4). Suppose 6*u - 3*u - 297 = -s*f, -u + 2*f = -99. Calculate the remainder when u is divided by 34.
31
Let x(l) be the first derivative of 3*l**2 - 5/3*l**3 + 0*l - 2 + 1/4*l**4. Calculate the remainder when 23 is divided by x(4).
7
Suppose -60 = 3*z - 6*z. Let y(r) = r**2 + 56*r + 308. What is the remainder when y(-5) is divided by z?
13
Suppose 188 = -10*h + 1218. Calculate the remainder when h is divided by 25.
3
Suppose -2*b + 13 + 11 = 0. Suppose 64 = 4*z + 56. Suppose -30 = -i + z*p, 0*i + 2*p + 158 = 5*i. Calculate the remainder when i is divided by b.
8
Suppose 4*v - 114 = -p, -2*v - 2*v - 3*p = -118. Suppose v = g + 3*g. Calculate the remainder when g is divided by 5.
2
Let y = -552 + 1096. Calculate the remainder when y is divided by 6.
4
Let g(c) = -4*c**2 + 4*c - 5. Let b(h) = h**2 - h + 1. Let t(p) = 6*b(p) + g(p). Let a = -2 - 1. Calculate the remainder when 47 is divided by t(a).
22
Suppose 0 = 5*y - r - 10, -4*y + 5*r = -3*y + 22. Suppose -19 = 5*n - 4*b + 3, -b - 20 = y*n. What is the remainder when 18 is divided by (-26)/n - (-4)/6?
3
Calculate the remainder when (31/2 - 0)/((-128)/(-768)) is divided by 12.
9
Suppose -5*f - 3*f = 0. Suppose -4*j + 58 + 18 = f. What is the remainder when 131 is divided by j?
17
Suppose -80 + 75 = -l. Suppose 0*t + 4*t - 73 = -5*o, 65 = 5*t + o. What is the remainder when (-178)/(-14) - t/(-42) is divided by l?
3
Calculate the remainder when 2/(-5) + ((-18720)/(-50) - 2) is divided by 22.
20
Let h(o) = -o + 21. Let z be 17*-1 - 0/(-20). What is the remainder when 73 is divided by h(z)?
35
Let a = 6 + -4. Suppose -3*s + a + 11 = -4*y, -5*y = 3*s - 31. Suppose 45 = 3*i + 4*h - s*h, 2*h = -4*i + 42. What is the remainder when 21 is divided by i?
9
Suppose 2*u + 3*o = 7*o + 42, -9 = -u + 5*o. Let z(b) = -2*b**2 + 4*b. Let f be z(3). What is the remainder when (-12)/(-5)*(-285)/f is divided by u?
27
Let b be (-20)/(-8) - 3/(-6). Let s(n) = 0 - 5 + 5*n + 2. Calculate the remainder when 44 is divided by s(b).
8
Let y be -1 + (-55)/(-45) - 3038/(-18). Suppose 4*k - y = -25. Calculate the remainder when 105 - 3/((-6)/4) is divided by k.
35
Suppose 3*y - 5*d - 58 = 0, -d - 77 = -5*y + 27. Suppose 0 = 5*v + y - 181. Calculate the remainder when v is divided by 11.
10
What is the remainder when 1 - 3 - (-11 + -41) - 4 is divided by 19?
8
Suppose -4*t + 2*b + 107 = -17, 3*t - 90 = 3*b. What is the remainder when 116 is divided by 164/10 + -1 + t/20?
14
Let j = 62 + -51. Suppose -5*d - j*l + 7*l = -260, -2*d - 4*l = -104. Let s(y) = 10*y + 1. What is the remainder when d is divided by s(1)?
8
Suppose -4*t + t - 7590 = 0. Let u = 4 + -8. Calculate the remainder when u/(-10) + t/(-50) is divided by 18.
15
Suppose -2*c = -2*f - 26, 4*f - 8*f - 64 = 2*c. What is the remainder when 33 is divided by 6/f - 235/(-25)?
6
Suppose -45*c = -833 - 382. Calculate the remainder when 104 is divided by c.
23
Let j = 1539 - 1468. Suppose 4*x - 2*x = 38. What is the remainder when j is divided by x?
14
Suppose 4*w + 98 - 282 = 0. Calculate the remainder when w is divided by 16.
14
Let a = -628 + 699. Calculate the remainder when a is divided by 36.
35
Let m = 35 - -89. Suppose -3*z = -z - m. Let f = z - 29. What is the remainder when f is divided by 17?
16
Let o = 121 - 73. Suppose -3 = -3*p + o. Calculate the remainder when 67 is divided by p.
16
Calculate the remainder when (-6272)/(-12) - 8/(-24) is divided by 15.
13
Suppose j - 7*j = -2280. Calculate the remainder when 35 is divided by (j/24 - -2) + 1/6.
17
Suppose 10*z - 5*z + 46 = -2*x, -2*z - 13 = -x. Calculate the remainder when 18 is divided by z + 3 + (-60)/(-4).
8
Calculate the remainder when 3 - (-14 + -2*(-9)/(-6)) is divided by 17.
3
Let f = -563 - -582. What is the remainder when f is divided by 2?
1
Let z = 54 - 42. Suppose 8 + z = 2*i. Calculate the remainder when 16 is divided by i.
6
Let q(w) = 2*w**2 + 6*w - 25. Calculate the remainder when q(5) is divided by (6/(-6))/(1/(-7)).
6
Suppose -15*g + 87 = -12*g. Let h(n) = 2 - 4 + 4*n - 2*n - n. What is the remainder when g is divided by h(10)?
5
Let v = -2628 - -3776. What is the remainder when v is divided by 24?
20
Suppose -34*i + 188 = -30*i. What is the remainder when 138 is divided by i?
44
Let v(n) = -10*n**2 + 1 + 0*n + 0*n + 3*n**2. Let h be v(1). Calculate the remainder when h/(-5)*6*5 is divided by 13.
10
Calculate the remainder when ((-26)/(-4))/((-7)/(-7056)*12) is divided by 10.
6
Let j(x) be the first derivative of x**3 + 3*x**2/2 + 2. Calculate the remainder when 24 is divided by j(-3).
6
Let t be (3/2)/((-18)/(-684)). Let b = 103 - t. Calculate the remainder when b is divided by 16.
14
Let a(t) = 6*t - 7. What is the remainder when a(13) is divided by ((-1)/(-1))/((-4)/(-96))?
23
Let d(n) = -n**3 - 4*n**2 - 6*n - 5. Let g(r) = -r**3 - 15*r**2 - 29*r - 2. What is the remainder when g(-13) is divided by d(-4)?
18
Suppose 6894 = 5*s + 13*s. What is the remainder when s is divided by 77?
75
Let s = -198 - -112. Let v = s - -170. Calculate the remainder when v is divided by 22.
18
Suppose -9 - 39 = -2*f. Suppose -3*s = -s - f. What is the remainder when 46 is divided by s?
10
Suppose 5*k + 3*x = 1030, -15*k + 13*k + 2*x = -428. What is the remainder when k is divided by 53?
50
Let j = 47 - 26. Calculate the remainder when (-1736)/(-24) + 2/(-6) is divided by j.
9
Let b be (15*1)/(20/(-12) - -2). Let h = b + -30. What is the remainder when h is divided by 6?
3
Suppose x - 37 = 68. Suppose 0 = 3*g - 10*g + x. Calculate the remainder when 44 is divided by g.
14
Suppose 0 = -5*l + 1631 + 199. Calculate the remainder when l is divided by 74.
70
Let n(t) = 26*t - 890. What is the remainder when n(54) is divided by 40?
34
Let c(u) be the third derivative of u**5/60 + u**4/8 - u**3/3 - 7*u**2. Let m be c(-4). Suppose -m*w + 16 = -6. Calculate the remainder when 19 is divided by w.
8
Suppose 4*g - 186 = -4*w + 7*w, -5*g + 3*w + 231 = 0. Calculate the remainder when 131 is divided by g.
41
Suppose 61 = r - 0*r. Calculate the remainder when r is divided by 8.
5
Suppose 0 = -p + a + 13, -2*a + 3 - 13 = 0. Let k(g) = -g - 6. Let r(b) = -1. Let d(s) = -k(s) + 4*r(s). What is the remainder when 19 is divided by d(p)?
9
Let n(z) = 29*z + 297. What is the remainder when 273 is divided by n(-7)?
85
Suppose -o + 2*o - 250 = 0. Suppose 8*n - o = 13*n. Let s = -39 - n. Calculate the remainder when 21 is divided by s.
10
Suppose -26 = -5*x + 9. What is the remainder when 27 is divided by x?
6
Suppose 5*g + 109 = 4*o - 279, 0 = -4*o - 2*g + 388. Let p = o + -41. Suppose -d = d - 4*x - p, d - 40 = 5*x. What is the remainder when d is divided by 8?
4
Suppose -b + 14 = -4*k, 2*b - 4*k = 3*b - 6. Suppose 0*v = v - b. Let x = -14 - -31. What is the remainder when x is divided by v?
7
Let o(d) = d**3 + 7*d**2 - 7*d. Let m be o(-8). Let k = 24 + m. Calculate the remainder when k is divided by ((-2)/(-6))/(1/27).
7
Let a(n) = 15*n**2 + 14*n + 8. Let r(b) = -7*b**2 - 7*b - 4. Let h(z) = -2*a(z) - 5*r(z). Calculate the remainder when 38 is divided by h(-2).
8
Let r = -1650 + 1704. Suppose -u - 68 = -5*c, u = 3*c - 0*u - 40. Calculate the remainder when r is divided by c.
12
Let m(v) = 3*v**2 - 20*v + 19. Let w be m(6). Calculate the remainder when 95 is divided by 21 + w + (1 - 4).
20
Let r = 15 - 12. Calculate the remainder when 49 is divided by r/2 + (-517)/(-22).
24
Let c = -31 + 32. What is the remainder when (-1)/(c - 654/1953*3) is divided by 11?
8
Let l(p) = 46*p - 9. Let y be l(3). Let c = 141 - y. What is the remainder when 20 is divided by c?
8
Let v be (-2)/7 + (-309)/21. Let x = 0 - 3. Calculate the r